(5 + -17).
9
Evaluate (-41 - -36) + 13 - (-3 + 20 + -1).
-8
What is the value of 2 + 0 + -21 + 516 + -515?
-18
Evaluate -13 + 7 + (4 - 3).
-5
What is the value of (-7 - (48 + -51)) + 38 + 0 + 2?
36
1 + -11 - (14 + -45 - -36)
-15
What is the value of 0 + 1 - (14 + -21 + 4 + 0)?
4
What is the value of (24 - (3 + 15)) + -16?
-10
What is -2 + -3 + 4 - 2 - -2 - -4?
3
-16 + (-13 - -7 - -12)
-10
What is 13 + -19 - (-6 + (5 - 3))?
-2
7 + 1 - (20 - (4 + 1))
-7
What is (-17 - 4 - -21) + 2 + 3?
5
What is the value of (-20 + -4 - -4) + 13 + 3?
-4
Evaluate 9 + (3 - 3) + (-195 - -204).
18
What is 27 + -22 + 8 - 16?
-3
Evaluate -175 - -171 - (-6 - -5 - (-1 + 0)).
-4
What is -14 + 30 + -32 + (1 - 1)?
-16
-100 + 117 + (0 - 8)
9
Evaluate -6 + (5 + -15 + 12 - (0 - -1)).
-5
What is the value of (-172 - -183) + (1 - 1 - (3 - 3))?
11
What is the value of 1 + -1 + 3 + (-4 - (-3 + 7))?
-5
-1 + (-1 + -1 - 3 - (-17 + 18))
-7
What is the value of -7 + -1 + (1 + -5 - (-61 + 62))?
-13
What is -42 - (9 - (14 + -2 + 1))?
-38
-4 + (14 - (3 + 16))
-9
9 + (2 - (-9 + 15)) - 12
-7
-2 + (-26 + 12 + 0 + -9 - -3)
-22
Evaluate 0 + (0 - (4 - -1)) + 8 - -9.
12
Evaluate (-5 - -5 - -13) + (-4 - 1) + 4.
12
What is the value of (-28 - (2 + -10 + 0)) + -2?
-22
What is the value of -4 + (7 - (3 - -6)) + -12?
-18
0 - -2 - (-9 + 8 + 4)
-1
What is (3 - 6) + (56 + -59 - (-7 - 1))?
2
What is the value of 3 + -3 - 1 - (26 + -19)?
-8
What is the value of 1 + (4 - 11) + 3 + 8?
5
Calculate -31 + 15 + 16 - (2 - -3).
-5
What is the value of (-21 - (14 - 47)) + (0 - 19)?
-7
What is (0 - 3) + -1 + 5 + 15 + -29?
-13
Evaluate -20 + (-9 - (11 - 31)) + 47.
38
What is the value of 8 + 17 + -27 + 13?
11
Calculate (0 - (-1 + -4 + (12 - 24))) + -6.
11
Evaluate -18 - (27 - (-26 - -58)).
-13
Evaluate (16 - 2) + -78 + 21 + 62.
19
(4 - (-9 - (-7 - 4))) + -4 - -32
30
What is the value of -23 - (-20 + 23 + 5 + -16)?
-15
What is -3 + 4 - (-8 + (3 - -19))?
-13
What is -20 + 15 - (-7 - 3)?
5
What is 5 + (-3 - -7) + -3 + 2?
8
-10 + -5 + -6 + 1 - (-4 + -1)
-15
Calculate 6 + (-13 - (-13 - -7)) - (3 - 18).
14
What is 27 + -3 - (7 + 13 + -7 + -2)?
13
16 - ((-12 - (-6 + 9)) + 20)
11
What is 13 + (-14 - (37 - 26))?
-12
(6 - 0 - (-22 - -26)) + 12
14
What is the value of (5 - 5) + 13 + -5 + -10?
-2
Evaluate (29 - -18) + -38 - ((0 - 0) + 16).
-7
What is 13 - (-2 + -1 - (-154 - -112))?
-26
Evaluate 32 + -26 + -17 + -1 + 4.
-8
What is the value of -9 + (4 - -1) + (0 - 6) + 1?
-9
Evaluate 5 + 14 + -12 + -22.
-15
What is 10 - 5 - -2 - 10 - (2 - -2)?
-7
Calculate -15 - 1 - (1 + -19 + 10).
-8
What is (1 - (5 - 8)) + (41 - 39)?
6
7 - (1 - (-3 + 7 + -9))
1
Evaluate (5 - 8) + 6 - (-10 - 8 - -8).
13
Evaluate -43 - -41 - (-21 - 1 - (-11 - -10)).
19
Evaluate 114 - 110 - (-1 + 6) - 5.
-6
What is the value of (27 - -8) + (-2 - -11) + -13?
31
What is the value of -4 - ((-25 - -4) + 2)?
15
Calculate 12 + 8 + (-8 - -4) + -12.
4
What is -51 - (-30 + -3 - -22) - (-1 - 1)?
-38
Calculate -6 - (-1 + -2) - -31 - (-851 + 852).
27
Evaluate -24 - (-31 - 6) - (8 - 1).
6
Evaluate 10 + (-3 - 16) + -9 - (-4 + 0).
-14
Calculate -4 + 11 + (4 - (8 + 4)).
-1
Calculate -22 + (19 - 15) - -20.
2
-22 + -3 - -16 - -5
-4
Calculate -17 - (2 + -6) - (-11 + (-1 - -7)).
-8
Calculate -7 - (-2 + 1) - (-8 + 18 + -6).
-10
14 - (-30 + 16 + 13)
15
What is the value of -14 - (-25 + 36 + -13)?
-12
11 - 1 - (-173 - -73 - -82)
28
Evaluate (6 - 13) + 27 + -54 + 0.
-34
What is 4 + 1 + -2 + 4 + 44 + -68?
-17
Evaluate 1 + (-1 - 12 - 7) + 7.
-12
What is the value of (-2 - (0 + -7)) + (1 - 15) + 2?
-7
Calculate -3 - 0 - -8 - 10 - 4 - 3.
-12
What is 0 + -4 - (-278 - -276)?
-2
What is 66 + -52 + (1 - 12)?
3
What is 4 - (5 + (5 - 0 - -4 - 3))?
-7
Calculate -5 + (44 + (12 - 23) - 11).
17
What is (2 - -20) + -5 - 1?
16
Calculate 36 + (-19 - (-24 + 39)).
2
Evaluate -41 - (-63 + -36) - 34.
24
21 - (19 + 13 + -7)
-4
What is the value of 9 - (19 + -17 - (0 + -6) - -8)?
-7
(10 - (12 - (-8 + 12))) + (-2 - 0)
0
12 - (-3 + (2 + 18 - 9))
4
Evaluate (-1 - -2) + -264 + 248.
-15
-21 + (20 - (3 - -15)) + (0 - 10)
-29
What is the value of (-25 - (-32 + -32)) + -23?
16
Calculate -2 - (22 - 13 - (-2 - 2)).
-15
What is -26 + 40 + -15 + -29?
-30
What is (6 - (-3 - 4)) + -12?
1
What is (-4 - -2 - 16) + 27?
9
What is -28 - (-7 - -3 - 17)?
-7
What is (-9 - 1 - 2 - -10) + (9 - 2)?
5
Evaluate 5 - (-12 - (-34 + 13)).
-4
What is the value of -5 + (-7 - (-10 + (0 - -1))) + -4?
-7
What is the value of 7 - (3 - 2) - (4 - -26) - -2?
-22
Calculate 2 - (-7 + -1) - (866 - 848).
-8
What is the value of 3 + (1 - 6) + -4 + (0 - -12)?
6
15 + -13 + (-5 - -10) + (-9 - -2)
0
Evaluate (-5 - -10) + -9 - (21 + -14).
-11
What is the value of (-1 - 9) + -7 + (-2 - -3)?
-16
Calculate -48 - (-13 + 17 + -42).
-10
Calculate (-9 - (-12 + 10)) + 8.
1
7 + (-5 - 7) + 6 + -7 - -5
-1
What is 21 - (-6 - (-19 + -8))?
0
What is the value of (-27 - -37) + -4 + -10?
-4
Calculate -5 - (-9 + 13 + -12 + 29).
-26
Evaluate 29 - (23 + -19) - 12.
13
What is the value of (6 - (-10 + 11 - 23)) + -10?
18
What is -2 + 9 - (61 + -57)?
3
Evaluate 22 + (-1 - 29) + (-4 - (2 + -9)).
-5
Evaluate -15 - -2 - ((13 - 25) + 21 - 13).
-9
What is -4 + (-4 - 0) - (5 + 3)?
-16
Evaluate -4 + (7 - (37 - 22)).
-12
Evaluate (-15 - -14) + 33 + -1 - (-1 + 1).
31
What is 18 - (48 + -5 + 13 + -10)?
-28
Evaluate 32 + -36 + 36 + -36.
-4
What is (-15 - -12) + 4 + (0 - -5 - -11)?
17
What is the value of -4 - (8 + (0 - (7 - 8)))?
-13
What is the value of 10 + 7 + 15 + -22?
10
What is 1 - -18 - (213 + -201)?
7
Calculate -41 - (12 + (-35 - -19) + -4).
-33
Calculate -11 - (-7 + -7 - (-13 + 13)).
3
(1 - 5 - -2) + 32 + -29 - 30
-29
Calculate 11 - (-9 + 11 + 11).
-2
What is (4 - 0) + 217 + -210?
11
Calculate 30 - 2 - (14 + -5).
19
Calculate -736 - -710 - (-1 + -30).
5
36 + (-1 + -3 - -6 - (1 + 4))
33
What is 1 + (10 - 14) + 18 - -7?
22
Calculate -4 - (18 + 3) - (-2 - 11).
-12
-33 + -42 + 95 + (-1 - 15)
4
What is 10 + (10 - 4) + (23 - 28)?
11
Calculate -2 + (14 - (18 + -7)) + -9.
-8
What is the value of -11 + (11 - (-9 + 3 + 7))?
-1
Calculate (-70 - -81) + (-2 + 3 - -11).
23
Calculate 11 - (-6 + (5 - -42 - 2)).
-28
Evaluate -17 - (8 + -12 + 4) - -5.
-12
Calculate 4 + -13 + -4 + 25 + -17.
-5
What is (1 - 3) + -4 + (8 + -2 - 2)?
-2
What is the value of 4 + -2 - (-1 - -2) - (-43 + 28)?
16
Evaluate (-1 - 3) + 7 + 10 + -3.
10
Calculate -6 - ((2 - 1 - -4) + (4 - 6)).
-9
What is -19 - (4 - 5 - 10) - 0 - 3?
-11
Calculate 34 - -3 - 30 - (-4 + -3).
14
Calculate 6 + -11 + (41 + -13 - -14).
37
Calculate -10 - 5 - -11 - (3 - 1).
-6
What is -9 + (-1 + -1 - (78 + -66))?
-23
What is the value of 25 - (14 - -2) - (2 - 4)?
11
What is the value of (2 - 2) + 2 - (-1 - -11)?
-8
What is (-20 - 2) + 19 + 25 + -6?
16
What is the value of (-4 - (-19 + -14 + 24)) + -31 + -3?
-29
What is the value of (4 - -2 - (-3 - -20 - 11)) + 17?
17
23 + -35 + 8 + 17
13
Calculate 10 - (13 + 17 + -10).
-10
What is the value of (5 - (27 + -20)) + -2 + -6?
-10
What is -32 + 43 + (1 + 2 - (1 - -2))?
11
Evaluate -9 + 5 + -7 + 15 + (7 - -1).
12
(19 - 6) + (-14 - -2)
1
1209 + -1218 + 19 + 1
11
Evaluate (0 - (2 + -11 + -2)) + 6 - 1.
16
What is the value of (-11 + 6 - (-6 + 1)) + (-2 - 4)?
-6
What is the value of -31 - ((1 - (7 + -4)) + 6) - -8?
-27
What is the value of -8 + 7 - (-2 - 8)?
9
What is the value of (-11 - 11) + -19 + 31?
-10
What is the value of 1425 + -1417 - (14 - 1)?
-5
What is -17 + (6 - (0 + -5)) + 1?
-5
What is the value of 0 - -12 - (2 + (1 - 1) + 0)?
10
9 + 6 + 37 + -57
-5
-2 + 2 + (39 + -17 - 11)
11
What is the value of -2 + 12 - (120 - 87)?
-23
What is (7 - 0) + (5 - 25) + 19 + -21?
-15
Evaluate -10 + 13 + -17 - -34.
20
Calculate 0 + (12 - (-17 + 29)) + 0 + -1.
-1
Evaluate -3 + (3 - (-3 - 5)) - (4 - -21).
-17
-5 + (-1 - 7) + (36 - 31)
-8
What is -1 + (10 - 2) + -16 - (10 + 3)?
-22
-3 + (2 + 4 - -9)
12
Calculate -6 - (6 + 3 + (-28 - -6)) - 24.
-17
What is the value of (-21 - -25) + 1 + 1 + (-1 - 17)?
-12
What is -111 + 105 + -11 + 1 - -21?
5
-13 - 3 - ((10 - 5) + -4 + -5)
-12
What is the value of 3 - (2 - -12) - (-9 + 26 + -12)?
-16
What is the value of 15 + -47 - -42 - (-34 + 0 + 3)?
41
Calculate 31 + (-34 - (-3 + 16)).
-16
Calculate -3 - (19 + (4 - 12) + -23).
9
What is the value of 28 - (15 - (18 - 5))?
26
(-3 - -12